s digit of v?
5
Let i = 4 + -12. Let k be (3 - 13)*i - 1. Suppose 0 = 3*r - 2*q + 6*q - 74, -3*r = 5*q - k. What is the tens digit of r?
1
Let t(x) = -x**3 - 7*x**2 - 10*x - 8. Let q be t(-6). Suppose 0 = 5*g - 99 - q. Suppose 0 = 2*v - g - 31. What is the units digit of v?
7
Suppose l - 34 + 29 = 0. Suppose -3*g + g + l*u + 276 = 0, -2*g = -4*u - 274. What is the tens digit of g?
3
Suppose 3*m = -2*x + 4829, 0*x + 2*m = -2*x + 4828. What is the thousands digit of x?
2
What is the units digit of ((-2020)/(-30))/(3/54)?
2
Let q(g) = 20 - 2*g - 18 + 13*g**2 + 4*g. Let u be q(-1). Suppose u = x - 5*j, 3*j = j - 4. What is the units digit of x?
3
What is the hundreds digit of 1 - ((-70)/4)/(45/2880)?
1
Let b = 65 - 163. Let k = 227 + b. What is the units digit of k?
9
Let r = -417 + 3276. What is the thousands digit of r?
2
Let x(b) = b**2 - 1. Let u be x(1). Suppose 3*p - 218 = f, -4 = -4*f - u. Suppose -2*a + p = -a. What is the tens digit of a?
7
Suppose -3 = -p - 1. Suppose p*g - i + 163 = 3*g, 0 = 3*g - 2*i - 474. What is the tens digit of g?
6
Let w be (-3)/(-5) - (-30)/(-50). Suppose 4*c - c + 6 = w. What is the tens digit of 1 + c + (52 - -2)?
5
Let q(u) be the third derivative of 1/60*u**5 - 1/120*u**6 - 5/24*u**4 - 7/6*u**3 + 0 + 9*u**2 + 0*u. What is the units digit of q(-3)?
4
Suppose -7*l + 2*l - 132 = -o, 148 = o - l. Suppose -4*v + o = 3*g, 4*g - 5*v + 119 = 363. What is the tens digit of g?
5
Suppose -14*z + 4274 = 4134. What is the tens digit of z?
1
Suppose v = s + 27, -137 + 11 = -5*v + 2*s. Let y = -39 - -43. Suppose 0*l + y*l = v. What is the units digit of l?
6
Let x = 2174 + -1328. What is the units digit of x?
6
Suppose 0 = -t - 4*t - 3*w + 5888, 4*t - 5*w = 4703. What is the tens digit of t?
7
Let t = -21 - -8. Let x(z) = -z**3 - 13*z**2 - 3*z + 6. What is the units digit of x(t)?
5
Let q(l) be the third derivative of -7*l**4/6 + l**3/3 + 10*l**2. What is the tens digit of q(-2)?
5
Suppose 10*x - 4*x - 2958 = 0. What is the units digit of x?
3
Suppose 3*c + 798 = 5*k - 3*k, -5*k = 5*c - 1995. What is the tens digit of k?
9
Let x(a) = -a**3 - 10*a**2 - 2*a + 14. Let w be x(-10). Suppose 5*r + w = 6*r. What is the units digit of r?
4
Let k(h) = h**3 - 4*h**2 - 6*h - 8. Suppose 6*g = 10*g - 24. Let q be k(g). What is the tens digit of (-2 + (0 - q))/(-1)?
3
Let q = 12 - -34. Let z = 41 + q. Suppose 4*i - z = 5*p, 3*i + 2*p = i + 66. What is the tens digit of i?
2
Let n(q) be the first derivative of -11*q**4/4 - 2*q**3 - 3*q**2 + 4*q - 11. What is the units digit of n(-3)?
5
What is the units digit of (-2)/7 + 52041/133?
1
Let p(z) = 3*z - 12. Suppose -n - 3 = -10. Let c be p(n). What is the tens digit of 12/(15/c - 1)?
1
What is the hundreds digit of -6 + (-700)/(-119) - 106194/(-102)?
0
Let w(f) = f**3 - 10*f**2 + f - 1. Let n be w(10). Suppose -n*b + 536 = -5*b. What is the tens digit of b?
3
Let z = -105 - -4. Let l = z - -173. What is the tens digit of l?
7
Let c = -7558 - -4808. What is the hundreds digit of c/(-20) + 1 + (-2)/4?
1
Let y(s) = 18*s + 2. Let o be y(-2). Let v = o + 75. What is the tens digit of v?
4
Let k(u) = -2*u - 4. Let g be k(-3). Let d = -582 - -578. What is the tens digit of -1 - d*11/g?
2
Let y(u) = 21*u + 23. Let t be y(14). Let m = t + -150. What is the units digit of m?
7
Let g(z) be the third derivative of 1/3*z**3 + 1/30*z**5 + 1/6*z**4 - 3*z**2 + 0 + 0*z - 7/120*z**6. What is the tens digit of g(-2)?
5
Let w = -73 - -76. What is the hundreds digit of (w + 19)*(-33)/(-6)?
1
Let s(z) = 7*z**2 + 2*z + 1. Let r(u) = u - 8. Let w be r(6). Let f be s(w). Suppose -6*c = f - 193. What is the tens digit of c?
2
What is the hundreds digit of 1 + -1 + (-22056)/(-8)?
7
Let t(n) = n**3 - 2*n**2 - n + 4. Let y be t(3). Let g(u) = 4*u**3 + u**2 - u + 1. Let a be g(2). Let c = a - y. What is the units digit of c?
5
Let c = -17 + 19. Suppose 0*n + m = -4*n, 2*n + 6 = -c*m. What is the tens digit of 1 - n/((-3)/69)?
2
Suppose 3*r + 5 - 2 = 0. Let s(n) = 2*n**3 - n**2. Let j be s(r). What is the units digit of j*(4/(-2))/2?
3
Suppose -3*b - 3 = -6. Let p be b/(3*(-3)/(-36)). Suppose 54 = p*u - 22. What is the units digit of u?
9
Suppose 0 = 15*i + 12*i - 37962. What is the units digit of i?
6
Let c(p) = p**2 + 9*p + 10. Let f be c(-8). Suppose 0 = 4*x - 4*g - 8, f*x + 3 + 2 = 5*g. Suppose -7 = x*l - 112. What is the tens digit of l?
2
Let o = -75 - -181. What is the tens digit of o?
0
Let t = -754 + 1704. What is the tens digit of t?
5
Suppose -3*f + 114 = -0*f. Let x be ((-1)/2)/(3/(-78)). Let i = f + x. What is the units digit of i?
1
Let g be 2190/66 + 3*(-6)/99. Suppose 5*o = -3*s + 104, -s - 2*o + 0*o = -g. What is the tens digit of s?
4
Let r(b) = 11*b**2 - 3*b - 2. Let s be r(-1). Let y = 16 + s. What is the tens digit of y?
2
Suppose -4*y = -5*w - 0*w + 9, y = 2*w. What is the units digit of (-1 - (-49 + 0)) + (y - -2)?
4
Let p(v) = v**3 - 6*v**2 + 9. Let g be p(6). Suppose -g*j = -8*j - 2. What is the units digit of j?
2
Let m(i) = 80*i**2 + 8*i + 1. What is the hundreds digit of m(-3)?
6
Let i = -16 - -24. Let p be (i/10)/(8/20). Let n(m) = 29*m - 4. What is the units digit of n(p)?
4
Suppose -21 - 17 = -2*m. Let k = 16 - m. What is the units digit of k/(18/3)*-68?
4
Let p = -67 - -80. Suppose q = 2*o + 3*o - p, 0 = -4*q - 3*o + 63. What is the units digit of q?
2
Let o be 169*(0 - 1)*(32 - 33). Suppose -g - 521 = -5*p, 3*p - 2*g - 145 = o. What is the units digit of p?
4
Suppose 298 + 266 = 12*l. What is the units digit of l?
7
Suppose h = 2*n + 5*h - 64, -5*n + 127 = -h. Suppose -s + n + 64 = 0. What is the units digit of s?
0
Let q = 3881 - 1251. What is the tens digit of q?
3
Suppose -2*x - h + 194 = -342, 0 = 5*x + 5*h - 1335. What is the units digit of x?
9
Suppose 5178 = 5*n - 3357. Suppose 0 = 6*j - n + 681. What is the units digit of j?
1
Suppose -d + 2*h = -5255 + 1533, -2*h = 2*d - 7432. What is the tens digit of d?
1
Suppose 7*k - 87 + 3 = 0. Let o(u) = -u**3 + 14*u**2 - 5*u + 22. What is the hundreds digit of o(k)?
2
Let u be ((-6)/4 + -1)/((-3)/6). What is the tens digit of (184/(-10))/(1 - 6/u)?
9
What is the units digit of 108/(-42)*((-4816)/6)/2?
2
Let k(x) = 4*x**2 + 8*x + 9. Let g be k(-4). Suppose -41 = -2*y + g. What is the units digit of y?
1
What is the tens digit of (8/(24/3))/((-3)/(-5253))?
5
Suppose 0 = 13*w - 2271 - 2019. What is the tens digit of w?
3
What is the tens digit of 12/(-54) - (-10887)/27?
0
Let q = -64 - -58. Let h(l) = -l**3 - 5*l**2 - 2*l - 5. What is the tens digit of h(q)?
4
Suppose -2*q + 7*q + 1 = -r, 0 = -5*r + q - 31. What is the units digit of 85*2 - (r - -8 - 5)?
3
Let s = 121 + -85. What is the tens digit of 12/s*(-2 - -56)?
1
Suppose -5 = 2*q - 5*o - 36, q = -3*o - 12. Let t be (4/q)/((-10)/15). What is the units digit of -8*(t - (-2 - -1))?
8
Let l(r) = 49*r**2 + r. Let b be l(1). Let v = b + -30. What is the tens digit of (-47)/2*v/(-10)?
4
Let k = -87 + 116. Let u = 8 + k. What is the units digit of u?
7
Let f(m) be the third derivative of 23*m**4/24 + m**3 + 65*m**2 + 2. Let c(o) = o**2 + o. Let a be c(-2). What is the units digit of f(a)?
2
Let y = 12 + -9. Suppose 2*d - 2*g = 42, 4*g = g - y. What is the units digit of d/(-6)*(-6 - 3)?
0
Let l(q) = q - 10. Let h(r) = -1 + 11 - 1 + 2. Let a(n) = -7*h(n) - 6*l(n). What is the units digit of a(-5)?
3
Let p(r) = 22*r + 52. What is the units digit of p(14)?
0
Let j(r) = 977*r**2 + 2*r + 2. Let k be j(-1). Suppose 0 = -5*c - 0*c - 2*x + k, -4*x - 971 = -5*c. Suppose 3*p + 60 = c. What is the units digit of p?
5
Let v(h) = h**2 - h + 5. Let x be v(-5). Suppose n + 8 - x = 0. What is the tens digit of (-1 + -1)*1 + n?
2
Let j(b) be the third derivative of -b**6/15 - b**5/30 - b**4/12 + b**3/3 - b**2. Let s be j(-2). Let c = -34 + s. What is the tens digit of c?
2
Let w(g) = -g - 6. Let i be w(-12). Suppose i + 22 = q. What is the tens digit of q?
2
Let x = 2433 + -982. What is the thousands digit of x?
1
Suppose 9*l = 17539 - 4093. What is the tens digit of l?
9
Let h = 25 - -81. What is the hundreds digit of h?
1
What is the hundreds digit of (-6656)/(-20)*(-5)/(-2)?
8
Let b(o) be the third derivative of -o**5/60 + 5*o**4/24 - 7*o**3/3 + 6*o**2. Let t be b(6). What is the units digit of (4 - t/8